?
False
Is 57 a factor of 14014476?
True
Is 1817 a factor of 545056392?
True
Does 34 divide 388452898?
False
Is 922 a factor of 89980746?
True
Is 2510 a factor of 638383360?
True
Is 132287260 a multiple of 46?
True
Does 188 divide 58891555?
False
Does 251 divide 1967840?
True
Is 7 a factor of 9373106?
False
Is 468 a factor of 350633088?
True
Is 86975575 a multiple of 1062?
False
Is 2803477512 a multiple of 905?
False
Does 28 divide 231104014?
False
Is 68686690 a multiple of 6?
False
Is 1336161205 a multiple of 10521?
False
Is 2295 a factor of 45137442?
False
Is 81685485 a multiple of 63?
True
Is 287980089 a multiple of 2?
False
Does 15 divide 123901530?
True
Does 16 divide 2718223348?
False
Does 6758 divide 4437095362?
False
Does 32 divide 234862528?
True
Is 102 a factor of 13513062?
True
Is 431 a factor of 2136467?
True
Is 19614394 a multiple of 690?
False
Is 1302679688 a multiple of 84?
False
Is 1329 a factor of 1406100574?
False
Does 27 divide 13953220?
False
Is 42 a factor of 69920343?
False
Does 5097 divide 810118329?
False
Is 1100332 a multiple of 4?
True
Is 18 a factor of 4052962332?
True
Does 15 divide 47208030?
True
Is 483201083 a multiple of 56?
False
Is 758198 a multiple of 62?
True
Is 2383779981 a multiple of 886?
False
Is 16826406 a multiple of 462?
False
Is 226782477 a multiple of 27?
True
Is 96 a factor of 294979104?
True
Does 20 divide 194419780?
True
Is 35 a factor of 211211070?
True
Does 2380 divide 1183531160?
True
Does 502 divide 77159528?
False
Is 247389690 a multiple of 53?
True
Is 101 a factor of 56001431?
False
Is 875839328 a multiple of 637?
True
Does 145 divide 503345621?
False
Does 5 divide 4985080?
True
Does 193 divide 56469677?
True
Is 10 a factor of 262180150?
True
Is 2574975624 a multiple of 8?
True
Is 464810 a multiple of 53?
True
Is 388 a factor of 152702056?
True
Does 1247 divide 3971695?
True
Is 927249336 a multiple of 52?
True
Is 11 a factor of 685748233?
False
Does 3 divide 6580517?
False
Is 7 a factor of 104292034?
True
Is 666415752 a multiple of 470?
False
Does 2954 divide 982801708?
True
Is 960202433 a multiple of 28?
False
Does 24 divide 8089440?
True
Does 27 divide 671294568?
False
Is 46175850 a multiple of 42?
True
Does 9011 divide 2475493748?
False
Is 70847061 a multiple of 1672?
False
Is 117 a factor of 36425610?
True
Does 24 divide 29267920?
False
Is 4633937868 a multiple of 5069?
True
Does 11 divide 260496190?
False
Is 717 a factor of 15147342?
True
Is 79819542 a multiple of 73?
False
Does 132 divide 412342927?
False
Is 161282310 a multiple of 6?
True
Does 49 divide 267685971?
True
Is 1286273978 a multiple of 467?
True
Is 429501817 a multiple of 100?
False
Is 44 a factor of 15370612?
False
Is 103 a factor of 530149446?
True
Is 213870540 a multiple of 85?
True
Is 11156 a factor of 2650171955?
False
Is 120692360 a multiple of 292?
True
Does 1254 divide 714532962?
True
Does 1458 divide 30238920?
True
Is 303 a factor of 9013561?
False
Is 7120060 a multiple of 190?
True
Is 5077 a factor of 352715855?
False
Is 2656226375 a multiple of 5037?
False
Does 68 divide 196733445?
False
Is 4477 a factor of 27595318?
False
Does 2 divide 10867801?
False
Does 22 divide 71049330?
True
Does 2284 divide 70678380?
True
Is 251739384 a multiple of 156?
True
Is 5 a factor of 46091465?
True
Is 530274140 a multiple of 20?
True
Does 20 divide 323873340?
True
Does 7187 divide 842409831?
True
Is 5 a factor of 3328695?
True
Does 1991 divide 31716630?
True
Is 26 a factor of 4653367851?
False
Does 27 divide 768060775?
False
Does 119 divide 54223671?
False
Is 54863760 a multiple of 84?
True
Is 166 a factor of 10325323?
False
Is 15 a factor of 1662057480?
True
Does 14 divide 21945895?
False
Does 18 divide 70345008?
True
Is 5294806 a multiple of 53?
True
Is 53 a factor of 61178723?
False
Does 23 divide 8910713?
False
Does 474 divide 472907707?
False
Is 1783 a factor of 396473584?
False
Is 3356 a factor of 30362998?
False
Is 97565000 a multiple of 40?
True
Does 25 divide 3758225?
True
Is 26 a factor of 2756611032?
False
Is 122 a factor of 7235454?
True
Is 56615106 a multiple of 111?
True
Does 131 divide 22805550?
False
Is 11436171 a multiple of 382?
False
Does 26 divide 1181518?
True
Does 268 divide 19550332?
True
Is 54560419 a multiple of 13?
False
Is 12101 a factor of 1845285729?
False
Is 14 a factor of 18396168?
True
Is 39362554 a multiple of 350?
False
Is 654 a factor of 217397448?
True
Does 32 divide 7150446?
False
Is 10988421 a multiple of 381?
True
Does 753 divide 895073937?
False
Is 31 a factor of 187942006?
False
Does 329 divide 27763652?
True
Does 51 divide 172244702?
False
Is 111040137 a multiple of 39?
True
Does 159 divide 8820048?
True
Does 86 divide 5937387?
False
Is 52204152 a multiple of 1272?
True
Is 164307603 a multiple of 21?
False
Is 64 a factor of 1623969344?
True
Does 1930 divide 63055598?
False
Is 41139120 a multiple of 3100?
False
Is 73 a factor of 4476240867?
False
Does 75 divide 169666627?
False
Is 4 a factor of 62063556?
True
Does 2441 divide 2016314820?
True
Is 22 a factor of 10868508?
False
Is 1192 a factor of 1192199425?
False
Is 35589755 a multiple of 4364?
False
Is 1805418 a multiple of 1469?
False
Is 32313804 a multiple of 495?
False
Does 9 divide 16802196?
False
Is 1258 a factor of 115478110?
True
Is 276879726 a multiple of 9?
True
Does 1065 divide 4085263320?
True
Is 81 a factor of 593253974?
False
Is 2375 a factor of 206398963?
False
Is 173104234 a multiple of 18?
False
Is 44418509 a multiple of 2158?
False
Is 3158 a factor of 156690486?
True
Is 35 a factor of 81427360?
True
Does 72 divide 42527351?
False
Is 560 a factor of 491221508?
False
Is 51 a factor of 358655154?
True
Is 11290520 a multiple of 27?
False
Is 299 a factor of 513084?
True
Is 166101977 a multiple of 113?
True
Is 3454130584 a multiple of 68?
True
Is 60898808 a multiple of 23?
False
Does 39 divide 68014400?
False
Does 16 divide 8855986?
False
Is 30573141 a multiple of 13?
False
Is 766306296 a multiple of 98?
True
Is 366874288 a multiple of 4?
True
Does 1954 divide 266402498?
True
Is 337 a factor of 1539310?
False
Is 176 a factor of 87360416?
True
Does 1638 divide 15785256?
False
Is 124 a factor of 54944028?
True
Is 15 a factor of 410011305?
True
Is 5202886 a multiple of 302?
False
Does 15 divide 157957965?
True
Is 15 a factor of 46213991?
False
Is 78 a factor of 12723779?
False
Does 6689 divide 128355221?
True
Does 1259 divide 37289640?
False
Does 191 divide 149209009?
True
Does 207 divide 85516668?
True
Does 10 divide 223446157?
False
Is 41930699 a multiple of 21?
False
Does 703 divide 21064692?
True
Is 1643 a factor of 1965458466?
True
Is 8 a factor of 5248878?
False
Is 3363605 a multiple of 49?
True
Is 288177780 a multiple of 237?
True
Is 5 a factor of 27797442?
False
Does 142 divide 19856699?
False
Is 178417600 a multiple of 190?
True
Does 13 divide 168489581?
True
Is 816 a factor of 18404064?
True
Does 37 divide 74941872?
True
Does 2084 divide 33935856?
True
Does 127 divide 205578964?
True
Is 125 a factor of 141216486?
False
Is 47375790 a multiple of 56?
False
Does 173 divide 746167857?
True
Is 6136755 a multiple of 683?
True
Is 29977964 a multiple of 431?
False
Is 849 a factor of 207292689?
True
Does 159 divide 125568342?
True
Is 31 a factor of 931575786?
False
Does 1361 divide 26456274?
False
Is 287771596 a multiple of 12?
False
Is 413368724 a multiple of 659?
False
Is 11458269 a multiple of 411?
True
Is 165128483 a multiple of 1438?
False
Is 39 a factor of 909990?
False
Is 19 a factor of 31540551?
True
Does 3343 divide 1641192362?
True
Does 21 divide 15204357?
True
Is 11 a factor of 15607880?
False
Does 23 divide 1144539692?
False
Is 16592820 a multiple of 97?
True
Is 44399852 a multiple of 259?
True
Does 27 divide 98297007?
False
Does 22 divide 2166673?
False
Does 12 divide 34222260?
True
Is 39 a factor of 175997455?
False
Does 217 divide 34087480?
False
Is 250544987 a multiple of 4545?
False
Does 356 divide 530153776?
True
Is 201912655 a multiple of 35?
True
Does 9 divide 50044338?
True
Is 176863986 a multiple of 9?
True
Does 16 divide 77884963?
False
Is 62819001 a multiple of 129?
True
Does 105 divide 86288452?
False
Is 2 a factor of 2072871?
False
Is 63986631 a multiple of 12?
False
Does 5266 divide 1208638843?
Fals